{"id":14530,"date":"2020-08-05T17:11:44","date_gmt":"2020-08-05T20:11:44","guid":{"rendered":"https:\/\/mundolimpomacae.com.br\/?post_type=product&#038;p=14530"},"modified":"2020-08-05T17:16:35","modified_gmt":"2020-08-05T20:16:35","slug":"alcool-gel-70-all-clean-audax-5l","status":"publish","type":"product","link":"https:\/\/mundolimpomacae.com.br\/index.php\/produto\/alcool-gel-70-all-clean-audax-5l\/","title":{"rendered":"ALCOOL GEL 70 ALL CLEAN AUDAX 5L"},"content":{"rendered":"<div class=\"boldArticleBody btArticleBody\">\n<p><i class=\"fas fa-file-signature\"><\/i>DESCRI\u00c7\u00c3O<\/p>\n<p>Produto balanceado que, al\u00e9m de higienizar, n\u00e3o resseca as m\u00e3os. Tem em sua formula\u00e7\u00e3o extrato natural de Aloe Vera. Secagem r\u00e1pida.<\/p>\n<\/div>\n<div class=\"boldArticleBody btArticleBody\">\n<p><i class=\"fas fa-exclamation-circle\"><\/i>INDICA\u00c7\u00c3O<\/p>\n<p>Indicado para assepsia das m\u00e3os, \u00e9 um excelente bactericida. Especialmente recomendado para ambientes como cozinhas industriais, hospitais, com\u00e9rcio, escolas, ind\u00fastrias aliment\u00edcias, cl\u00ednicas, <em>pet shops<\/em> e consult\u00f3rios.<\/p>\n<\/div>\n","protected":false},"excerpt":{"rendered":"<p>DESCRI\u00c7\u00c3O Produto balanceado que, al\u00e9m de higienizar, n\u00e3o resseca as m\u00e3os. Tem em sua formula\u00e7\u00e3o extrato natural de Aloe Vera. Secagem r\u00e1pida. INDICA\u00c7\u00c3O Indicado para assepsia das m\u00e3os, \u00e9 um excelente bactericida. Especialmente recomendado para ambientes como cozinhas industriais, hospitais, com\u00e9rcio, escolas, ind\u00fastrias aliment\u00edcias, cl\u00ednicas, pet shops e consult\u00f3rios.<\/p>\n","protected":false},"featured_media":14531,"comment_status":"closed","ping_status":"closed","template":"","meta":[],"product_cat":[760],"product_tag":[174,177,175,170,171,176],"_links":{"self":[{"href":"https:\/\/mundolimpomacae.com.br\/index.php\/wp-json\/wp\/v2\/product\/14530"}],"collection":[{"href":"https:\/\/mundolimpomacae.com.br\/index.php\/wp-json\/wp\/v2\/product"}],"about":[{"href":"https:\/\/mundolimpomacae.com.br\/index.php\/wp-json\/wp\/v2\/types\/product"}],"replies":[{"embeddable":true,"href":"https:\/\/mundolimpomacae.com.br\/index.php\/wp-json\/wp\/v2\/comments?post=14530"}],"wp:featuredmedia":[{"embeddable":true,"href":"https:\/\/mundolimpomacae.com.br\/index.php\/wp-json\/wp\/v2\/media\/14531"}],"wp:attachment":[{"href":"https:\/\/mundolimpomacae.com.br\/index.php\/wp-json\/wp\/v2\/media?parent=14530"}],"wp:term":[{"taxonomy":"product_cat","embeddable":true,"href":"https:\/\/mundolimpomacae.com.br\/index.php\/wp-json\/wp\/v2\/product_cat?post=14530"},{"taxonomy":"product_tag","embeddable":true,"href":"https:\/\/mundolimpomacae.com.br\/index.php\/wp-json\/wp\/v2\/product_tag?post=14530"}],"curies":[{"name":"wp","href":"https:\/\/api.w.org\/{rel}","templated":true}]}}