{"id":14543,"date":"2020-09-09T11:13:23","date_gmt":"2020-09-09T14:13:23","guid":{"rendered":"https:\/\/mundolimpomacae.com.br\/?post_type=product&#038;p=14543"},"modified":"2020-09-09T11:18:48","modified_gmt":"2020-09-09T14:18:48","slug":"desengraxante-bl-10-spartan-5l","status":"publish","type":"product","link":"https:\/\/mundolimpomacae.com.br\/index.php\/produto\/desengraxante-bl-10-spartan-5l\/","title":{"rendered":"DESENGRAXANTE BL-10 SPARTAN 5L"},"content":{"rendered":"<p>O BL &#8211; 10 \u00e9 um detergente solvente com a\u00e7\u00e3o desengraxante, especialmente desenvolvido para a remo\u00e7\u00e3o<br \/>\nde \u00f3leos, graxa e fuligem em equipamentos industriais, maquin\u00e1rios, motores e pe\u00e7as met\u00e1licas em geral.<br \/>\nO BL &#8211; 10 n\u00e3o \u00e9 inflam\u00e1vel. Formulado com tenso ativos e solvente sol\u00favel em \u00e1gua, BL &#8211; 10 tem a\u00e7\u00e3o<br \/>\nr\u00e1pida na remo\u00e7\u00e3o das oleosidades, sem afetar a superf\u00edcie onde \u00e9 aplicado.<\/p>\n<p>Dados T\u00e9cnicos:<br \/>\nApar\u00eancia: L\u00edquido transparente<br \/>\nCor: Rosa<br \/>\nOdor: Caracter\u00edstico<br \/>\npH: 11,5 &#8211; 13,5<br \/>\nPeso espec\u00edfico: 1,020 &#8211; 1,035 g\/cm3<br \/>\nViscosidade: 1,0 &#8211; 15,0 cps<br \/>\nTeor de ativos: 9,5 &#8211; 11,5%<\/p>\n<p>Produto registrado na ANVISA\/MS sob n\u00b0<br \/>\n3.0018.0116<\/p>\n","protected":false},"excerpt":{"rendered":"<p>SPARTAN<\/p>\n","protected":false},"featured_media":14544,"comment_status":"open","ping_status":"closed","template":"","meta":[],"product_cat":[769],"product_tag":[171],"_links":{"self":[{"href":"https:\/\/mundolimpomacae.com.br\/index.php\/wp-json\/wp\/v2\/product\/14543"}],"collection":[{"href":"https:\/\/mundolimpomacae.com.br\/index.php\/wp-json\/wp\/v2\/product"}],"about":[{"href":"https:\/\/mundolimpomacae.com.br\/index.php\/wp-json\/wp\/v2\/types\/product"}],"replies":[{"embeddable":true,"href":"https:\/\/mundolimpomacae.com.br\/index.php\/wp-json\/wp\/v2\/comments?post=14543"}],"wp:featuredmedia":[{"embeddable":true,"href":"https:\/\/mundolimpomacae.com.br\/index.php\/wp-json\/wp\/v2\/media\/14544"}],"wp:attachment":[{"href":"https:\/\/mundolimpomacae.com.br\/index.php\/wp-json\/wp\/v2\/media?parent=14543"}],"wp:term":[{"taxonomy":"product_cat","embeddable":true,"href":"https:\/\/mundolimpomacae.com.br\/index.php\/wp-json\/wp\/v2\/product_cat?post=14543"},{"taxonomy":"product_tag","embeddable":true,"href":"https:\/\/mundolimpomacae.com.br\/index.php\/wp-json\/wp\/v2\/product_tag?post=14543"}],"curies":[{"name":"wp","href":"https:\/\/api.w.org\/{rel}","templated":true}]}}