{"id":14547,"date":"2020-09-09T11:40:34","date_gmt":"2020-09-09T14:40:34","guid":{"rendered":"https:\/\/mundolimpomacae.com.br\/?post_type=product&#038;p=14547"},"modified":"2020-09-09T11:46:56","modified_gmt":"2020-09-09T14:46:56","slug":"limpador-concentrado-xtraction-ii-spartan-5l","status":"publish","type":"product","link":"https:\/\/mundolimpomacae.com.br\/index.php\/produto\/limpador-concentrado-xtraction-ii-spartan-5l\/","title":{"rendered":"LIMPADOR CONCENTRADO XTRACTION II SPARTAN 5L"},"content":{"rendered":"<p>XTRACTION II \u00e9 um limpador concentrado de baixa espuma\u00e7\u00e3o, destinado a limpeza de carpetes com<br \/>\nelevado grau de sujidade.<br \/>\nDesenvolvido especialmente para limpeza pesada de carpetes, XTRACTION II \u00e9 indicado para o uso em<br \/>\nextratoras, proporcionando uma r\u00e1pida e eficiente remo\u00e7\u00e3o das sujidades mais aderidas nos carpetes.<br \/>\nXTRACTION II \u00e9 um produto econ\u00f4mico, pois permite altas dilui\u00e7\u00f5es em \u00e1gua, \u00e9 seguro para ser utilizado<br \/>\nem qualquer tipo de extratoras com \u00e1gua fria ou \u00e1gua quente.<\/p>\n<p>Instru\u00e7\u00f5es de uso:<br \/>\n&#8211; Proteger a base dos m\u00f3veis com pl\u00e1stico.<br \/>\n&#8211; Usar o aspirador de p\u00f3 em toda a \u00e1rea acarpetada.<br \/>\n&#8211; Fazer um pr\u00e9-tratamento nas \u00e1reas que contenham sujeira pesada, usando o XTRACTION II a uma dilui\u00e7\u00e3o<br \/>\nem \u00e1gua de at\u00e9 1:30, manchas mais resistentes podem ser removidas com SSE CARPET PRESPRAY &amp;<br \/>\nSPOTTER.<br \/>\n-M\u00e9todo de limpeza por extra\u00e7\u00e3o: Seguindo as instru\u00e7\u00f5es do fabricante da extratora, usar XTRACTION II a<br \/>\numa dilui\u00e7\u00e3o m\u00e1xima de at\u00e9 1:60, de acordo com o grau da sujidade. -Evitar molhar o carpete em demasia<br \/>\ne, se em lavagens anteriores foram utilizados produtos com grau de espuma elevado, utilizar o ANTI<br \/>\nESPUMANTE da Spartan no tanque de recolhimento da extratora. Efetuar um enx\u00e1gue com \u00e1gua limpa,<br \/>\nutilizando a pr\u00f3pria extratora.<br \/>\n-Deixar o carpete secar. Evitar andar antes que esteja completamente seco.<br \/>\n-Depois de seco, aspirar totalmente o carpete com aspirador de p\u00f3.<\/p>\n<p>Dados T\u00e9cnicos:<br \/>\nApar\u00eancia: L\u00edquido transparente<br \/>\nCor: Verde<br \/>\nOdor: Caracter\u00edstico<br \/>\npH: 9,5 &#8211; 11,4<br \/>\nPeso espec\u00edfico: 1,035 &#8211; 1,065 g\/cm3<br \/>\nViscosidade: 1,0 &#8211; 10,0 cps<br \/>\nTeor de ativos: 12,0 &#8211; 16,0 %<\/p>\n<p>PRODUTO SANEANTE NOTIFICADO NA ANVISA<br \/>\nN\u00b0 25351.008704\/2003-22<\/p>\n","protected":false},"excerpt":{"rendered":"<p>SPARTAN<\/p>\n","protected":false},"featured_media":14549,"comment_status":"open","ping_status":"closed","template":"","meta":[],"product_cat":[719],"product_tag":[177,175,170,171,176],"_links":{"self":[{"href":"https:\/\/mundolimpomacae.com.br\/index.php\/wp-json\/wp\/v2\/product\/14547"}],"collection":[{"href":"https:\/\/mundolimpomacae.com.br\/index.php\/wp-json\/wp\/v2\/product"}],"about":[{"href":"https:\/\/mundolimpomacae.com.br\/index.php\/wp-json\/wp\/v2\/types\/product"}],"replies":[{"embeddable":true,"href":"https:\/\/mundolimpomacae.com.br\/index.php\/wp-json\/wp\/v2\/comments?post=14547"}],"wp:featuredmedia":[{"embeddable":true,"href":"https:\/\/mundolimpomacae.com.br\/index.php\/wp-json\/wp\/v2\/media\/14549"}],"wp:attachment":[{"href":"https:\/\/mundolimpomacae.com.br\/index.php\/wp-json\/wp\/v2\/media?parent=14547"}],"wp:term":[{"taxonomy":"product_cat","embeddable":true,"href":"https:\/\/mundolimpomacae.com.br\/index.php\/wp-json\/wp\/v2\/product_cat?post=14547"},{"taxonomy":"product_tag","embeddable":true,"href":"https:\/\/mundolimpomacae.com.br\/index.php\/wp-json\/wp\/v2\/product_tag?post=14547"}],"curies":[{"name":"wp","href":"https:\/\/api.w.org\/{rel}","templated":true}]}}