{"id":14567,"date":"2020-09-10T16:31:05","date_gmt":"2020-09-10T19:31:05","guid":{"rendered":"https:\/\/mundolimpomacae.com.br\/?post_type=product&#038;p=14567"},"modified":"2020-09-10T16:32:45","modified_gmt":"2020-09-10T19:32:45","slug":"tapete-sanitizante-38x58cm-kapazi","status":"publish","type":"product","link":"https:\/\/mundolimpomacae.com.br\/index.php\/produto\/tapete-sanitizante-38x58cm-kapazi\/","title":{"rendered":"TAPETE SANITIZANTE 38X58cm KAPAZI"},"content":{"rendered":"<p>O tapete Sanitizante Kapazi \u00e9 produzido em vinil (PVC), n\u00e3o mancha, possui borda vedante que impede o vazamento de l\u00edquidos, espessura de 10mm, \u00e9 antiderrapante e antichama.<\/p>\n","protected":false},"excerpt":{"rendered":"<p>KAPAZI<\/p>\n","protected":false},"featured_media":14568,"comment_status":"open","ping_status":"closed","template":"","meta":[],"product_cat":[15],"product_tag":[174,177,175,170,171,173,176],"_links":{"self":[{"href":"https:\/\/mundolimpomacae.com.br\/index.php\/wp-json\/wp\/v2\/product\/14567"}],"collection":[{"href":"https:\/\/mundolimpomacae.com.br\/index.php\/wp-json\/wp\/v2\/product"}],"about":[{"href":"https:\/\/mundolimpomacae.com.br\/index.php\/wp-json\/wp\/v2\/types\/product"}],"replies":[{"embeddable":true,"href":"https:\/\/mundolimpomacae.com.br\/index.php\/wp-json\/wp\/v2\/comments?post=14567"}],"wp:featuredmedia":[{"embeddable":true,"href":"https:\/\/mundolimpomacae.com.br\/index.php\/wp-json\/wp\/v2\/media\/14568"}],"wp:attachment":[{"href":"https:\/\/mundolimpomacae.com.br\/index.php\/wp-json\/wp\/v2\/media?parent=14567"}],"wp:term":[{"taxonomy":"product_cat","embeddable":true,"href":"https:\/\/mundolimpomacae.com.br\/index.php\/wp-json\/wp\/v2\/product_cat?post=14567"},{"taxonomy":"product_tag","embeddable":true,"href":"https:\/\/mundolimpomacae.com.br\/index.php\/wp-json\/wp\/v2\/product_tag?post=14567"}],"curies":[{"name":"wp","href":"https:\/\/api.w.org\/{rel}","templated":true}]}}